{"id":1939,"date":"2022-09-28T02:30:46","date_gmt":"2022-09-28T02:30:46","guid":{"rendered":"https:\/\/ihamc.cl\/?page_id=1939"},"modified":"2025-03-18T09:34:37","modified_gmt":"2025-03-18T13:34:37","slug":"pastoral-2","status":"publish","type":"page","link":"https:\/\/ihamc.cl\/index.php\/pastoral-2\/","title":{"rendered":"Equipo Pastoral"},"content":{"rendered":"<p>[et_pb_section fb_built=\u00bb1&#8243; _builder_version=\u00bb4.18.0&#8243; _module_preset=\u00bbdefault\u00bb global_colors_info=\u00bb{}\u00bb][et_pb_row _builder_version=\u00bb4.18.0&#8243; _module_preset=\u00bbdefault\u00bb global_colors_info=\u00bb{}\u00bb][et_pb_column type=\u00bb4_4&#8243; _builder_version=\u00bb4.18.0&#8243; _module_preset=\u00bbdefault\u00bb global_colors_info=\u00bb{}\u00bb][\/et_pb_column][\/et_pb_row][et_pb_row _builder_version=\u00bb4.18.0&#8243; _module_preset=\u00bbdefault\u00bb global_colors_info=\u00bb{}\u00bb][et_pb_column type=\u00bb4_4&#8243; _builder_version=\u00bb4.18.0&#8243; _module_preset=\u00bbdefault\u00bb global_colors_info=\u00bb{}\u00bb][et_pb_text _builder_version=\u00bb4.18.0&#8243; _module_preset=\u00bbdefault\u00bb global_colors_info=\u00bb{}\u00bb]<\/p>\n<p style=\"text-align: center;\"><strong>Director de Pastoral<\/strong><\/p>\n<p style=\"text-align: center;\">Jonathan Inostroza Torres<\/p>\n<p style=\"text-align: center;\"><a href=\"jinostroza@ihamc.cl\">jinostroza@ihamc.cl<\/a><\/p>\n<p style=\"text-align: center;\"><strong>Coordinadora de pastoral<\/strong><\/p>\n<p style=\"text-align: center;\">Alicia Gonz\u00e1lez Contreras<\/p>\n<p style=\"text-align: center;\"><a href=\"alicia.gonzalezc@ihamc.cl\">alicia.gonzalezc@ihamc.cl<\/a><\/p>\n<p style=\"text-align: center;\">La pastoral del Instituto Humanidades de Coronel Antonio Moreno Casamitjana centra su trabajo en los tres pilares de nuestra formaci\u00f3n: Educar, Evangelizar y Servir; potenciando en nuestros educandos la misi\u00f3n de hacer crecer sus talentos a trav\u00e9s del conocimiento propio como cristiano al servicio de Dios. Esta tarea conlleva una constante evangelizaci\u00f3n en nuestro colegio valorando el encuentro con Cristo a trav\u00e9s de la eucarist\u00eda, hitos y encuentros que acercan a los ni\u00f1os y j\u00f3venes a este padre, amigo y hermano que es Jes\u00fas, para as\u00ed luego en su vida fuera de las aulas sean servidores fieles con sus hermanos, poniendo todas sus capacidades al servicio de la comunidad.<\/p>\n<p style=\"text-align: center;\">\n<p style=\"text-align: center;\">\n<p style=\"text-align: center;\">\n<p style=\"text-align: center;\">\n<p style=\"text-align: center;\">\n<p style=\"text-align: center;\">\n<p style=\"text-align: center;\">\n<p>[\/et_pb_text][\/et_pb_column][\/et_pb_row][\/et_pb_section]<\/p>\n","protected":false},"excerpt":{"rendered":"<p>Director de Pastoral Jonathan Inostroza Torres jinostroza@ihamc.cl Coordinadora de pastoral Alicia Gonz\u00e1lez Contreras alicia.gonzalezc@ihamc.cl La pastoral del Instituto Humanidades de Coronel Antonio Moreno Casamitjana centra su trabajo en los tres pilares de nuestra formaci\u00f3n: Educar, Evangelizar y Servir; potenciando en nuestros educandos la misi\u00f3n de hacer crecer sus talentos a trav\u00e9s del conocimiento propio como [&hellip;]<\/p>\n","protected":false},"author":1,"featured_media":0,"parent":0,"menu_order":0,"comment_status":"closed","ping_status":"closed","template":"","meta":{"_et_pb_use_builder":"on","_et_pb_old_content":"","_et_gb_content_width":"","footnotes":""},"class_list":["post-1939","page","type-page","status-publish","hentry"],"_links":{"self":[{"href":"https:\/\/ihamc.cl\/index.php\/wp-json\/wp\/v2\/pages\/1939"}],"collection":[{"href":"https:\/\/ihamc.cl\/index.php\/wp-json\/wp\/v2\/pages"}],"about":[{"href":"https:\/\/ihamc.cl\/index.php\/wp-json\/wp\/v2\/types\/page"}],"author":[{"embeddable":true,"href":"https:\/\/ihamc.cl\/index.php\/wp-json\/wp\/v2\/users\/1"}],"replies":[{"embeddable":true,"href":"https:\/\/ihamc.cl\/index.php\/wp-json\/wp\/v2\/comments?post=1939"}],"version-history":[{"count":5,"href":"https:\/\/ihamc.cl\/index.php\/wp-json\/wp\/v2\/pages\/1939\/revisions"}],"predecessor-version":[{"id":3336,"href":"https:\/\/ihamc.cl\/index.php\/wp-json\/wp\/v2\/pages\/1939\/revisions\/3336"}],"wp:attachment":[{"href":"https:\/\/ihamc.cl\/index.php\/wp-json\/wp\/v2\/media?parent=1939"}],"curies":[{"name":"wp","href":"https:\/\/api.w.org\/{rel}","templated":true}]}}

<p>[et_pb_section fb_built=»1&#8243; _builder_version=»4.18.0&#8243; _module_preset=»default» global_colors_info=»{}»][et_pb_row _builder_version=»4.18.0&#8243; _module_preset=»default» global_colors_info=»{}»][et_pb_column type=»4_4&#8243; _builder_version=»4.18.0&#8243; _module_preset=»default» global_colors_info=»{}»][/et_pb_column][/et_pb_row][et_pb_row _builder_version=»4.18.0&#8243; _module_preset=»default» global_colors_info=»{}»][et_pb_column type=»4_4&#8243; _builder_version=»4.18.0&#8243; _module_preset=»default» global_colors_info=»{}»][et_pb_text _builder_version=»4.18.0&#8243; _module_preset=»default» global_colors_info=»{}»]</p>
<p style="text-align: center;"><strong>Director de Pastoral</strong></p>
<p style="text-align: center;">Jonathan Inostroza Torres</p>
<p style="text-align: center;"><a href="jinostroza@ihamc.cl">jinostroza@ihamc.cl</a></p>
<p style="text-align: center;"><strong>Coordinadora de pastoral</strong></p>
<p style="text-align: center;">Alicia González Contreras</p>
<p style="text-align: center;"><a href="alicia.gonzalezc@ihamc.cl">alicia.gonzalezc@ihamc.cl</a></p>
<p style="text-align: center;">La pastoral del Instituto Humanidades de Coronel Antonio Moreno Casamitjana centra su trabajo en los tres pilares de nuestra formación: Educar, Evangelizar y Servir; potenciando en nuestros educandos la misión de hacer crecer sus talentos a través del conocimiento propio como cristiano al servicio de Dios. Esta tarea conlleva una constante evangelización en nuestro colegio valorando el encuentro con Cristo a través de la eucaristía, hitos y encuentros que acercan a los niños y jóvenes a este padre, amigo y hermano que es Jesús, para así luego en su vida fuera de las aulas sean servidores fieles con sus hermanos, poniendo todas sus capacidades al servicio de la comunidad.</p>
<p style="text-align: center;">
<p style="text-align: center;">
<p style="text-align: center;">
<p style="text-align: center;">
<p style="text-align: center;">
<p style="text-align: center;">
<p style="text-align: center;">
<p>[/et_pb_text][/et_pb_column][/et_pb_row][/et_pb_section]</p>

<p>Director de Pastoral Jonathan Inostroza Torres jinostroza@ihamc.cl Coordinadora de pastoral Alicia González Contreras alicia.gonzalezc@ihamc.cl La pastoral del Instituto Humanidades de Coronel Antonio Moreno Casamitjana centra su trabajo en los tres pilares de nuestra formación: Educar, Evangelizar y Servir; potenciando en nuestros educandos la misión de hacer crecer sus talentos a través del conocimiento propio como [&hellip;]</p>
