{"id":12,"date":"2020-11-09T14:07:43","date_gmt":"2020-11-09T14:07:43","guid":{"rendered":"http:\/\/ihamc.cl\/?page_id=12"},"modified":"2021-03-09T11:16:36","modified_gmt":"2021-03-09T11:16:36","slug":"historia","status":"publish","type":"page","link":"https:\/\/ihamc.cl\/index.php\/historia\/","title":{"rendered":"Historia"},"content":{"rendered":"<p>[et_pb_section fb_built=\u00bb1&#8243; _builder_version=\u00bb4.6.6&#8243; _module_preset=\u00bbdefault\u00bb][et_pb_row _builder_version=\u00bb4.6.6&#8243; _module_preset=\u00bbdefault\u00bb][et_pb_column _builder_version=\u00bb4.6.6&#8243; _module_preset=\u00bbdefault\u00bb type=\u00bb4_4&#8243;][et_pb_image src=\u00bbhttp:\/\/ihamc.cl\/wp-content\/uploads\/2020\/11\/frontis.jpg\u00bb _builder_version=\u00bb4.6.6&#8243; _module_preset=\u00bbdefault\u00bb title_text=\u00bbfrontis\u00bb hover_enabled=\u00bb0&#8243; sticky_enabled=\u00bb0&#8243; align=\u00bbcenter\u00bb][\/et_pb_image][\/et_pb_column][\/et_pb_row][et_pb_row _builder_version=\u00bb4.6.6&#8243; _module_preset=\u00bbdefault\u00bb][et_pb_column _builder_version=\u00bb4.6.6&#8243; _module_preset=\u00bbdefault\u00bb type=\u00bb4_4&#8243;][et_pb_text _builder_version=\u00bb4.6.6&#8243; _module_preset=\u00bbdefault\u00bb hover_enabled=\u00bb0&#8243; sticky_enabled=\u00bb0&#8243;]<\/p>\n<p><span style=\"font-weight: 400;\">El 15 de abril de 1994, en un terreno cedido por la ilustre Municipalidad de Coronel, en Escuadr\u00f3n Sur, frente a la poblaci\u00f3n de Lagunillas en Coronel; Monse\u00f1or Antonio Moreno Casamitjana, Arzobispo de la Arquidi\u00f3cesis de la Sant\u00edsima Concepci\u00f3n, bendijo la Primera Piedra del que ser\u00eda el Instituto de Humanidades de Coronel al interior de esta se encuentra un pergamino en el que se lee:<\/span><\/p>\n<p><i><span style=\"font-weight: 400;\">\u201cSe bendice la primera piedra de este colegio del Arzobispado de la Sant\u00edsima Concepci\u00f3n, mediante cuya construcci\u00f3n la comunidad escolar del Instituto de Humanidades Alfredo Silva Santiago, de Concepci\u00f3n, desea testimoniar su esp\u00edritu de amor al pr\u00f3jimo, su pertenencia a la iglesia Cat\u00f3lica, su fidelidad y gratitud a sus pastores y su eterna consagraci\u00f3n a Cristo Rey\u201d.<\/span><\/i><\/p>\n<p><span style=\"font-weight: 400;\">El 18 de julio de 1994 Monse\u00f1or Moreno promulg\u00f3 el decreto de creaci\u00f3n de este colegio cat\u00f3lico diocesano denominado \u201cInstituto de Humanidades de Coronel\u201d. De esta manera queda demostrado que gracias a los aportes, humanos y materiales del Instituto de Humanidades \u201cAlfredo Silva Santiago\u201d de Concepci\u00f3n, se logra tan loable obra. Adem\u00e1s, en el mismo Decreto, el Se\u00f1or Arzobispo declara esta creaci\u00f3n como una contribuci\u00f3n y servicio de la Iglesia a las familias de la ex zona del carb\u00f3n; el mismo decreto Arzobispal contiene el nombramiento de su primer Rector y Representante Legal, Sr. Gast\u00f3n Molina Serrano.<\/span><\/p>\n<p><span style=\"font-weight: 400;\">Con fecha 1\u00b0 de Marzo de 1995, acorde con lo establecido en el comodato suscrito con la ilustre Municipalidad de Coronel, inicia sus actividades escolares de esto nuevo Instituto, atendiendo a 352 alumnos, de ambos sexos, distribuidos en 11 cursos de Primero a Quinto B\u00e1sico, asumiendo el desaf\u00edo de crecer anualmente en un nivel, hasta llegar a completar la Ense\u00f1anza Media.<\/span><\/p>\n<p><span style=\"font-weight: 400;\">Transcurrido el primer semestre de funcionamiento, el 30 de junio de 1995 el Ministerio de Educaci\u00f3n promulga la Resoluci\u00f3n de Reconocimiento Oficial del Establecimiento.<\/span><\/p>\n<p><span style=\"font-weight: 400;\">El tercer a\u00f1o de vida, cuando se enfrent\u00f3 la urgente necesidad de ampliar las instalaciones del colegio, los recursos aportados por la Fundaci\u00f3n Educacional Enrique Curti Canobbio, permitieron levantar la segunda etapa del local. As\u00ed en reconocimiento de tal gesto, el se\u00f1or Arzobispo, de la \u00e9poca, solicita al Ministerio de Educaci\u00f3n, la autorizaci\u00f3n para homenajear a tan ilustre ciudadano incorporando su nombre al del colegio, pasando a denominarse oficialmente \u201cInstituto de Humanidades Enrique Curti Canobbio\u201d a contar del 10 de Noviembre de 1997.<\/span><\/p>\n<p><span style=\"font-weight: 400;\">La comunidad escolar se fue consolidando y los ni\u00f1os y ni\u00f1as se fueron haciendo j\u00f3venes y se\u00f1oritas y seg\u00fan lo previsto, en 1999 se forma el Primer a\u00f1o de Ense\u00f1anza Media, para crecer anualmente mediante la creaci\u00f3n de un nuevo nivel, hasta que en el a\u00f1o 2002 se cierra el ciclo con la primera generaci\u00f3n de Licenciados de Ense\u00f1anza Media Cient\u00edfico Humanista.<\/span><\/p>\n<p><span style=\"font-weight: 400;\">Desde que el colegio era una idea y hasta nuestros d\u00edas, ha sido acompa\u00f1ado muy cerca por nuestros pastores, empezando por Monse\u00f1or Antonio Moreno C. sus Obispos Auxiliares, los P\u00e1rrocos de la zona del Carb\u00f3n en cuyos inicios se destaca especialmente el aporte al crecimiento de nuestra fe al Padre Rafael Samper.<\/span><\/p>\n<p><span style=\"font-weight: 400;\">Nuestro primer himno oficial, fue el legado del Instituto de Humanidades \u201cAlfredo Silva Santiago\u201d expresa en sus versos:<\/span><\/p>\n<p style=\"text-align: center;\"><i><span style=\"font-weight: 400;\">\u201cQuiso Dios poner en nuestra tierra<\/span><\/i><\/p>\n<p style=\"text-align: center;\"><i><span style=\"font-weight: 400;\">Un pu\u00f1ado de gente con fe<\/span><\/i><\/p>\n<p style=\"text-align: center;\"><i><span style=\"font-weight: 400;\">Y hoy la patria recibe mil voces<\/span><\/i><\/p>\n<p style=\"text-align: center;\"><i><span style=\"font-weight: 400;\">De chilenos que la hacen crecer\u201d<\/span><\/i><\/p>\n<p><span style=\"font-weight: 400;\">Con posterioridad, el Arzobispado de la Sant\u00edsima Concepci\u00f3n, entreg\u00f3 a la Fundaci\u00f3n Educacional Cristo Rey, la responsabilidad sostenedora sobre el establecimiento.<\/span><\/p>\n<p><span style=\"font-weight: 400;\">El a\u00f1o 2006, el colegio abri\u00f3 sus puertas a la ense\u00f1anza pre b\u00e1sica, a partir de la creaci\u00f3n de dos cursos de Segundo Nivel de Transici\u00f3n.<\/span><\/p>\n<p><span style=\"font-weight: 400;\">En la actualidad, el colegio tiene una poblaci\u00f3n aproximada a los 1100 alumnos distribuidos en dos cursos por nivel, desde Kinder a Cuarto Medio, la que funciona en dos jornadas de clases.<\/span><\/p>\n<p><span style=\"font-weight: 400;\">Habiendo completado el a\u00f1o 2009, la construcci\u00f3n de su gimnasio, perfila dentro de sus pr\u00f3ximos objetivos, dotar al establecimiento de la infraestructura necesaria para instaurar la Jornada Escolar Completa.<\/span><\/p>\n<p><span style=\"font-weight: 400;\">El tiempo ha transcurrido. Con orgullo, trabajo y humildad, nuestro colegio se ha consolidado en la Comunidad Coronelina, aleda\u00f1a y regional, a partir de su labor pastoral, evangelizadora, misionera y sacramental; la que se une a la b\u00fasqueda constante de una educaci\u00f3n de calidad, inclusiva y en equidad para sus alumnos.<\/span><\/p>\n<p><span style=\"font-weight: 400;\">Un colegio, cuya historia est\u00e1 en el seno de la iglesia cat\u00f3lica y por tanto lleva arraigadas grandes responsabilidades educativas y por sobre todo val\u00f3ricas, donde resaltan en su Proyecto Educativo desde su lema misionero, Cristo y Mar\u00eda Sant\u00edsima, como los modelos a seguir, para hacer en el pr\u00f3jimo vida el amor y la caridad, fundamento angular del cristianismo.<\/span><\/p>\n<p><span style=\"font-weight: 400;\">Hoy en el nuevo siglo y milenio, seguimos abriendo las puertas, a quienes en esta zona litoral e hist\u00f3rica, optan por una educaci\u00f3n integral basada en la fe cat\u00f3lica.<\/span><\/p>\n<p style=\"text-align: center;\"><i><span style=\"font-weight: 400;\">\u201cInstituto el camino que quiero alcanzar<\/span><\/i><\/p>\n<p style=\"text-align: center;\"><i><span style=\"font-weight: 400;\">Mi presente y futuro en simientes de paz<\/span><\/i><\/p>\n<p style=\"text-align: center;\"><i><span style=\"font-weight: 400;\">Instituto mi herencia fundada en Cristo Rey<\/span><\/i><\/p>\n<p style=\"text-align: center;\"><i><span style=\"font-weight: 400;\">Por la Patria nuestra fe y Coronel\u201d.<\/span><\/i><\/p>\n<p>[\/et_pb_text][\/et_pb_column][\/et_pb_row][\/et_pb_section]<\/p>\n","protected":false},"excerpt":{"rendered":"<p>El 15 de abril de 1994, en un terreno cedido por la ilustre Municipalidad de Coronel, en Escuadr\u00f3n Sur, frente a la poblaci\u00f3n de Lagunillas en Coronel; Monse\u00f1or Antonio Moreno Casamitjana, Arzobispo de la Arquidi\u00f3cesis de la Sant\u00edsima Concepci\u00f3n, bendijo la Primera Piedra del que ser\u00eda el Instituto de Humanidades de Coronel al interior de [&hellip;]<\/p>\n","protected":false},"author":1,"featured_media":0,"parent":0,"menu_order":0,"comment_status":"closed","ping_status":"closed","template":"","meta":{"_et_pb_use_builder":"on","_et_pb_old_content":"<!-- wp:divi\/placeholder \/-->","_et_gb_content_width":"","footnotes":""},"class_list":["post-12","page","type-page","status-publish","hentry"],"_links":{"self":[{"href":"https:\/\/ihamc.cl\/index.php\/wp-json\/wp\/v2\/pages\/12"}],"collection":[{"href":"https:\/\/ihamc.cl\/index.php\/wp-json\/wp\/v2\/pages"}],"about":[{"href":"https:\/\/ihamc.cl\/index.php\/wp-json\/wp\/v2\/types\/page"}],"author":[{"embeddable":true,"href":"https:\/\/ihamc.cl\/index.php\/wp-json\/wp\/v2\/users\/1"}],"replies":[{"embeddable":true,"href":"https:\/\/ihamc.cl\/index.php\/wp-json\/wp\/v2\/comments?post=12"}],"version-history":[{"count":1,"href":"https:\/\/ihamc.cl\/index.php\/wp-json\/wp\/v2\/pages\/12\/revisions"}],"predecessor-version":[{"id":13,"href":"https:\/\/ihamc.cl\/index.php\/wp-json\/wp\/v2\/pages\/12\/revisions\/13"}],"wp:attachment":[{"href":"https:\/\/ihamc.cl\/index.php\/wp-json\/wp\/v2\/media?parent=12"}],"curies":[{"name":"wp","href":"https:\/\/api.w.org\/{rel}","templated":true}]}}

<p>[et_pb_section fb_built=»1&#8243; _builder_version=»4.6.6&#8243; _module_preset=»default»][et_pb_row _builder_version=»4.6.6&#8243; _module_preset=»default»][et_pb_column _builder_version=»4.6.6&#8243; _module_preset=»default» type=»4_4&#8243;][et_pb_image src=»http://ihamc.cl/wp-content/uploads/2020/11/frontis.jpg» _builder_version=»4.6.6&#8243; _module_preset=»default» title_text=»frontis» hover_enabled=»0&#8243; sticky_enabled=»0&#8243; align=»center»][/et_pb_image][/et_pb_column][/et_pb_row][et_pb_row _builder_version=»4.6.6&#8243; _module_preset=»default»][et_pb_column _builder_version=»4.6.6&#8243; _module_preset=»default» type=»4_4&#8243;][et_pb_text _builder_version=»4.6.6&#8243; _module_preset=»default» hover_enabled=»0&#8243; sticky_enabled=»0&#8243;]</p>
<p><span style="font-weight: 400;">El 15 de abril de 1994, en un terreno cedido por la ilustre Municipalidad de Coronel, en Escuadrón Sur, frente a la población de Lagunillas en Coronel; Monseñor Antonio Moreno Casamitjana, Arzobispo de la Arquidiócesis de la Santísima Concepción, bendijo la Primera Piedra del que sería el Instituto de Humanidades de Coronel al interior de esta se encuentra un pergamino en el que se lee:</span></p>
<p><i><span style="font-weight: 400;">“Se bendice la primera piedra de este colegio del Arzobispado de la Santísima Concepción, mediante cuya construcción la comunidad escolar del Instituto de Humanidades Alfredo Silva Santiago, de Concepción, desea testimoniar su espíritu de amor al prójimo, su pertenencia a la iglesia Católica, su fidelidad y gratitud a sus pastores y su eterna consagración a Cristo Rey”.</span></i></p>
<p><span style="font-weight: 400;">El 18 de julio de 1994 Monseñor Moreno promulgó el decreto de creación de este colegio católico diocesano denominado “Instituto de Humanidades de Coronel”. De esta manera queda demostrado que gracias a los aportes, humanos y materiales del Instituto de Humanidades “Alfredo Silva Santiago” de Concepción, se logra tan loable obra. Además, en el mismo Decreto, el Señor Arzobispo declara esta creación como una contribución y servicio de la Iglesia a las familias de la ex zona del carbón; el mismo decreto Arzobispal contiene el nombramiento de su primer Rector y Representante Legal, Sr. Gastón Molina Serrano.</span></p>
<p><span style="font-weight: 400;">Con fecha 1° de Marzo de 1995, acorde con lo establecido en el comodato suscrito con la ilustre Municipalidad de Coronel, inicia sus actividades escolares de esto nuevo Instituto, atendiendo a 352 alumnos, de ambos sexos, distribuidos en 11 cursos de Primero a Quinto Básico, asumiendo el desafío de crecer anualmente en un nivel, hasta llegar a completar la Enseñanza Media.</span></p>
<p><span style="font-weight: 400;">Transcurrido el primer semestre de funcionamiento, el 30 de junio de 1995 el Ministerio de Educación promulga la Resolución de Reconocimiento Oficial del Establecimiento.</span></p>
<p><span style="font-weight: 400;">El tercer año de vida, cuando se enfrentó la urgente necesidad de ampliar las instalaciones del colegio, los recursos aportados por la Fundación Educacional Enrique Curti Canobbio, permitieron levantar la segunda etapa del local. Así en reconocimiento de tal gesto, el señor Arzobispo, de la época, solicita al Ministerio de Educación, la autorización para homenajear a tan ilustre ciudadano incorporando su nombre al del colegio, pasando a denominarse oficialmente “Instituto de Humanidades Enrique Curti Canobbio” a contar del 10 de Noviembre de 1997.</span></p>
<p><span style="font-weight: 400;">La comunidad escolar se fue consolidando y los niños y niñas se fueron haciendo jóvenes y señoritas y según lo previsto, en 1999 se forma el Primer año de Enseñanza Media, para crecer anualmente mediante la creación de un nuevo nivel, hasta que en el año 2002 se cierra el ciclo con la primera generación de Licenciados de Enseñanza Media Científico Humanista.</span></p>
<p><span style="font-weight: 400;">Desde que el colegio era una idea y hasta nuestros días, ha sido acompañado muy cerca por nuestros pastores, empezando por Monseñor Antonio Moreno C. sus Obispos Auxiliares, los Párrocos de la zona del Carbón en cuyos inicios se destaca especialmente el aporte al crecimiento de nuestra fe al Padre Rafael Samper.</span></p>
<p><span style="font-weight: 400;">Nuestro primer himno oficial, fue el legado del Instituto de Humanidades “Alfredo Silva Santiago” expresa en sus versos:</span></p>
<p style="text-align: center;"><i><span style="font-weight: 400;">“Quiso Dios poner en nuestra tierra</span></i></p>
<p style="text-align: center;"><i><span style="font-weight: 400;">Un puñado de gente con fe</span></i></p>
<p style="text-align: center;"><i><span style="font-weight: 400;">Y hoy la patria recibe mil voces</span></i></p>
<p style="text-align: center;"><i><span style="font-weight: 400;">De chilenos que la hacen crecer”</span></i></p>
<p><span style="font-weight: 400;">Con posterioridad, el Arzobispado de la Santísima Concepción, entregó a la Fundación Educacional Cristo Rey, la responsabilidad sostenedora sobre el establecimiento.</span></p>
<p><span style="font-weight: 400;">El año 2006, el colegio abrió sus puertas a la enseñanza pre básica, a partir de la creación de dos cursos de Segundo Nivel de Transición.</span></p>
<p><span style="font-weight: 400;">En la actualidad, el colegio tiene una población aproximada a los 1100 alumnos distribuidos en dos cursos por nivel, desde Kinder a Cuarto Medio, la que funciona en dos jornadas de clases.</span></p>
<p><span style="font-weight: 400;">Habiendo completado el año 2009, la construcción de su gimnasio, perfila dentro de sus próximos objetivos, dotar al establecimiento de la infraestructura necesaria para instaurar la Jornada Escolar Completa.</span></p>
<p><span style="font-weight: 400;">El tiempo ha transcurrido. Con orgullo, trabajo y humildad, nuestro colegio se ha consolidado en la Comunidad Coronelina, aledaña y regional, a partir de su labor pastoral, evangelizadora, misionera y sacramental; la que se une a la búsqueda constante de una educación de calidad, inclusiva y en equidad para sus alumnos.</span></p>
<p><span style="font-weight: 400;">Un colegio, cuya historia está en el seno de la iglesia católica y por tanto lleva arraigadas grandes responsabilidades educativas y por sobre todo valóricas, donde resaltan en su Proyecto Educativo desde su lema misionero, Cristo y María Santísima, como los modelos a seguir, para hacer en el prójimo vida el amor y la caridad, fundamento angular del cristianismo.</span></p>
<p><span style="font-weight: 400;">Hoy en el nuevo siglo y milenio, seguimos abriendo las puertas, a quienes en esta zona litoral e histórica, optan por una educación integral basada en la fe católica.</span></p>
<p style="text-align: center;"><i><span style="font-weight: 400;">“Instituto el camino que quiero alcanzar</span></i></p>
<p style="text-align: center;"><i><span style="font-weight: 400;">Mi presente y futuro en simientes de paz</span></i></p>
<p style="text-align: center;"><i><span style="font-weight: 400;">Instituto mi herencia fundada en Cristo Rey</span></i></p>
<p style="text-align: center;"><i><span style="font-weight: 400;">Por la Patria nuestra fe y Coronel”.</span></i></p>
<p>[/et_pb_text][/et_pb_column][/et_pb_row][/et_pb_section]</p>

<p>El 15 de abril de 1994, en un terreno cedido por la ilustre Municipalidad de Coronel, en Escuadrón Sur, frente a la población de Lagunillas en Coronel; Monseñor Antonio Moreno Casamitjana, Arzobispo de la Arquidiócesis de la Santísima Concepción, bendijo la Primera Piedra del que sería el Instituto de Humanidades de Coronel al interior de [&hellip;]</p>
